441?
6
What is the thousands digit of 5221384?
1
What is the ten thousands digit of 5623351?
2
What is the units digit of 872018?
8
What is the units digit of 10829891?
1
What is the units digit of 515426?
6
What is the units digit of 1803572?
2
What is the ten thousands digit of 425669?
2
What is the tens digit of 5231585?
8
What is the thousands digit of 91601?
1
What is the hundreds digit of 1470714?
7
What is the hundreds digit of 1059006?
0
What is the tens digit of 16679505?
0
What is the tens digit of 1296480?
8
What is the units digit of 200339?
9
What is the ten thousands digit of 487369?
8
What is the tens digit of 167963?
6
What is the hundreds digit of 57865?
8
What is the hundreds digit of 2838554?
5
What is the tens digit of 561041?
4
What is the thousands digit of 9253275?
3
What is the millions digit of 3709268?
3
What is the units digit of 65319?
9
What is the hundred thousands digit of 9793479?
7
What is the ten millions digit of 27480347?
2
What is the tens digit of 1459735?
3
What is the thousands digit of 216546?
6
What is the thousands digit of 6360307?
0
What is the thousands digit of 35991217?
1
What is the tens digit of 3808496?
9
What is the hundred thousands digit of 12839348?
8
What is the millions digit of 3389059?
3
What is the units digit of 1381449?
9
What is the millions digit of 14545687?
4
What is the hundreds digit of 486224?
2
What is the units digit of 221458?
8
What is the ten thousands digit of 81838?
8
What is the ten thousands digit of 34925547?
2
What is the tens digit of 87522?
2
What is the ten thousands digit of 428537?
2
What is the thousands digit of 396805?
6
What is the units digit of 1298393?
3
What is the tens digit of 2869745?
4
What is the ten thousands digit of 17612526?
1
What is the units digit of 5711573?
3
What is the tens digit of 68942?
4
What is the units digit of 15127384?
4
What is the thousands digit of 8709147?
9
What is the tens digit of 216218?
1
What is the hundred thousands digit of 709616?
7
What is the ten thousands digit of 537343?
3
What is the thousands digit of 2294615?
4
What is the units digit of 6352553?
3
What is the thousands digit of 586112?
6
What is the hundred thousands digit of 309301?
3
What is the tens digit of 70406?
0
What is the thousands digit of 855441?
5
What is the millions digit of 1307975?
1
What is the units digit of 15001990?
0
What is the units digit of 29741?
1
What is the hundred thousands digit of 2037481?
0
What is the millions digit of 28375056?
8
What is the hundreds digit of 2508777?
7
What is the tens digit of 552853?
5
What is the ten thousands digit of 822451?
2
What is the hundreds digit of 2143363?
3
What is the thousands digit of 463356?
3
What is the thousands digit of 16159033?
9
What is the units digit of 2984240?
0
What is the units digit of 1203332?
2
What is the units digit of 6726178?
8
What is the thousands digit of 6748?
6
What is the millions digit of 2599472?
2
What is the hundred thousands digit of 2953619?
9
What is the hundreds digit of 1018357?
3
What is the units digit of 3824699?
9
What is the thousands digit of 146570?
6
What is the tens digit of 15164?
6
What is the tens digit of 23623296?
9
What is the hundreds digit of 9376174?
1
What is the thousands digit of 762259?
2
What is the tens digit of 422014?
1
What is the hundreds digit of 165659?
6
What is the units digit of 374536?
6
What is the hundred thousands digit of 545397?
5
What is the ten millions digit of 20931944?
2
What is the hundreds digit of 235491?
4
What is the units digit of 400165?
5
What is the hundreds digit of 4557266?
2
What is the units digit of 1319887?
7
What is the hundred thousands digit of 17445065?
4
What is the units digit of 261950?
0
What is the hundreds digit of 119089?
0
What is the thousands digit of 503996?
3
What is the ten thousands digit of 128912?
2
What is the units digit of 210708?
8
What is the ten thousands digit of 1716422?
1
What is the hundred thousands digit of 4101483?
1
What is the thousands digit of 100417?
0
What is the hundred thousands digit of 2565701?
5
What is the hundred thousands digit of 3174363?
1
What is the ten thousands digit of 1236683?
3
What is the tens digit of 11491787?
8
What is the thousands digit of 2899555?
9
What is the units digit of 1457086?
6
What is the hundreds digit of 126198?
1
What is the hundreds digit of 6011580?
5
What is the hundreds digit of 450473?
4
What is the units digit of 858049?
9
What is the hundred thousands digit of 707313?
7
What is the tens digit of 438576?
7
What is the tens digit of 8662639?
3
What is the hundreds digit of 1792322?
3
What is the units digit of 442758?
8
What is the millions digit of 1297251?
1
What is the ten thousands digit of 308644?
0
What is the millions digit of 15619104?
5
What is the thousands digit of 1918570?
8
What is the hundred thousands digit of 643937?
6
What is the units digit of 276744?
4
What is the ten thousands digit of 376065?
7
What is the thousands digit of 163273?
3
What is the millions digit of 4440996?
4
What is the ten thousands digit of 490749?
9
What is the tens digit of 4508983?
8
What is the hundreds digit of 18557194?
1
What is the hundreds digit of 8652609?
6
What is the millions digit of 28316215?
8
What is the tens digit of 827659?
5
What is the thousands digit of 302884?
2
What is the millions digit of 2193868?
2
What is the ten thousands digit of 579757?
7
What is the units digit of 367941?
1
What is the thousands digit of 90833?
0
What is the tens digit of 727412?
1
What is the hundred thousands digit of 906552?
9
What is the tens digit of 171498?
9
What is the thousands digit of 1898030?
8
What is the thousands digit of 281678?
1
What is the ten thousands digit of 376723?
7
What is the tens digit of 30871?
7
What is the tens digit of 64443?
4
What is the hundred thousands digit of 5105589?
1
What is the thousands digit of 1883881?
3
What is the thousands digit of 62549?
2
What is the hundred thousands digit of 2694558?
6
What is the units digit of 1392024?
4
What is the ten thousands digit of 831899?
3
What is the units digit of 813911?
1
What is the units digit of 5937?
7
What is the hundreds digit of 708699?
6
What is the hundreds digit of 648954?
9
What is the tens digit of 312766?
6
What is the units digit of 6249787?
7
What is the units digit of 261369?
9
What is the hundred thousands digit of 1881162?
8
What is the tens digit of 96689?
8
What is the thousands digit of 214809?
4
What is the hundreds digit of 450028?
0
What is the units digit of 40712?
2
What is the tens digit of 1112802?
0
What is the millions digit of 5494616?
5
What is the hundred thousands digit of 110657?
1
What is the tens digit of 200333?
3
What is the ten millions digit of 24825950?
2
What is the hundreds digit of 176989?
9
What is the thousands digit of 54071?
4
What is the thousands digit of 5220975?
0
What is the thousands digit of 24823?
4
What is the hundred thousands digit of 1522522?
5
What is the thousands digit of 813805?
3
What is the units digit of 2036330?
0
What is the ten thousands digit of 1151947?
5
What is the hundred thousands digit of 1845875?
8
What is the tens digit of 833112?
1
What is the ten thousands digit of 768970?
6
What is the ten thousands digit of 4506812?
0
What is the hundred thousands digit of 17457912?
4
What is the hundreds digit of 1084344?
3
What is the thousands digit of 309229?
9
What is the ten thousands digit of 17854?
1
What is the millions digit of 1738193?
1
What is the millions digit of 7313693?
7
What is the units digit of 27487826?
6
What is the ten thousands digit of 438676?
3
What is the units digit of 3628714?
4
What is the ten thousands digit of 143314?
4
What is the hundreds digit of 81180?
1
What is the units digit of 162627?
7
What is the hundred thousands digit of 6202733?
2
What is the millions digit of 22224383?
2
What is the ten thousands digit of 9944584?
4
What is the ten thousands digit of 6603433?
0
What is the tens digit of 10011?
1
What is the millions digit of 7410889?
7
What is the units digit of 25723736?
6
What is the tens digit of 396329?
2
What is the ten thousands digit of 10404151?
0
What is the units digit of 955051?
1
What is the tens digit of 6874735?
3